{"id":583,"date":"2024-11-08T16:17:45","date_gmt":"2024-11-08T15:17:45","guid":{"rendered":"https:\/\/pedropimentelnaturopata.com\/?page_id=583"},"modified":"2024-11-09T19:39:22","modified_gmt":"2024-11-09T18:39:22","slug":"ketobrain","status":"publish","type":"page","link":"https:\/\/pedropimentelnaturopata.com\/index.php\/ketobrain\/","title":{"rendered":"KetoBrain"},"content":{"rendered":"\n<div class=\"wp-block-columns is-layout-flex wp-container-core-columns-is-layout-28f84493 wp-block-columns-is-layout-flex\">\n<div class=\"wp-block-column is-vertically-aligned-center is-layout-flow wp-block-column-is-layout-flow\">\n<h1 class=\"wp-block-heading\">La Gu\u00eda Definitiva de Alimentaci\u00f3n Contra el Parkinson<\/h1>\n\n\n\n<h3 class=\"wp-block-heading\">Transforma tu vida con la alimentaci\u00f3n cetog\u00e9nica dise\u00f1ada para la salud cerebral<\/h3>\n<\/div>\n\n\n\n<div class=\"wp-block-column is-layout-flow wp-block-column-is-layout-flow\">\n<figure class=\"wp-block-image size-large is-resized\"><img loading=\"lazy\" decoding=\"async\" width=\"1024\" height=\"683\" src=\"https:\/\/pedropimentelnaturopata.com\/wp-content\/uploads\/2024\/08\/neuronutricion-1024x683.jpeg\" alt=\"\" class=\"wp-image-510\" style=\"width:495px;height:auto\" srcset=\"https:\/\/pedropimentelnaturopata.com\/wp-content\/uploads\/2024\/08\/neuronutricion-1024x683.jpeg 1024w, https:\/\/pedropimentelnaturopata.com\/wp-content\/uploads\/2024\/08\/neuronutricion-300x200.jpeg 300w, https:\/\/pedropimentelnaturopata.com\/wp-content\/uploads\/2024\/08\/neuronutricion.jpeg 1200w\" sizes=\"auto, (max-width: 1024px) 100vw, 1024px\" \/><\/figure>\n<\/div>\n<\/div>\n\n\n\n<div class=\"wp-block-buttons is-content-justification-center is-layout-flex wp-container-core-buttons-is-layout-a89b3969 wp-block-buttons-is-layout-flex\">\n<div class=\"wp-block-button\"><a class=\"wp-block-button__link wp-element-button\" href=\"https:\/\/pay.hotmart.com\/K96481483Y\">Descarga ahora<\/a><\/div>\n<\/div>\n\n\n\n<h1 class=\"wp-block-heading has-text-align-center\">\u00bfPor qu\u00e9 KetoBrain es tu mejor aliado?<\/h1>\n\n\n\n<div class=\"wp-block-columns is-layout-flex wp-container-core-columns-is-layout-28f84493 wp-block-columns-is-layout-flex\">\n<div class=\"wp-block-column is-layout-flow wp-block-column-is-layout-flow\">\n<p class=\"has-lightgrey-background-color has-background has-medium-font-size\"><strong>Un enfoque basado en evidencia cient\u00edfica<\/strong><strong><\/strong><\/p>\n\n\n\n<p class=\"has-text-align-center has-lightgrey-background-color has-background\">KetoBrain no es solo otra dieta. Est\u00e1 respaldada por investigaciones innovadoras que demuestran c\u00f3mo la alimentaci\u00f3n puede influir en la progresi\u00f3n del Parkinson. Aprende c\u00f3mo los cuerpos cet\u00f3nicos pueden proporcionar energ\u00eda a tus neuronas y mejorar tu funci\u00f3n cognitiva.<\/p>\n<\/div>\n\n\n\n<div class=\"wp-block-column is-layout-flow wp-block-column-is-layout-flow\">\n<p class=\"has-lightgrey-background-color has-background has-medium-font-size\"><strong>Planificaci\u00f3n f\u00e1cil y accesible<\/strong><strong><\/strong><\/p>\n\n\n\n<p class=\"has-text-align-center has-lightgrey-background-color has-background\">Con un plan de alimentaci\u00f3n detallado de 4 semanas, KetoBrain te gu\u00eda paso a paso. No m\u00e1s confusiones sobre qu\u00e9 comer; cada receta est\u00e1 dise\u00f1ada para ser deliciosa y f\u00e1cil de preparar, adapt\u00e1ndose a tus gustos y necesidades.<\/p>\n<\/div>\n\n\n\n<div class=\"wp-block-column is-layout-flow wp-block-column-is-layout-flow\">\n<p class=\"has-lightgrey-background-color has-background has-medium-font-size\"><strong>Recetas que deleitan<\/strong><strong><\/strong><\/p>\n\n\n\n<p class=\"has-text-align-center has-lightgrey-background-color has-background\">Disfruta de m\u00e1s de 50 recetas que no solo son cetog\u00e9nicas, sino que tambi\u00e9n son sabrosas. Desde desayunos energizantes hasta cenas nutritivas, cada plato est\u00e1 pensado para optimizar tu salud cerebral sin sacrificar el sabor.<\/p>\n<\/div>\n<\/div>\n\n\n\n<div class=\"wp-block-buttons is-content-justification-center is-layout-flex wp-container-core-buttons-is-layout-a89b3969 wp-block-buttons-is-layout-flex\">\n<div class=\"wp-block-button\"><a class=\"wp-block-button__link wp-element-button\" href=\"https:\/\/pay.hotmart.com\/K95442096K\">Empieza Ahora<\/a><\/div>\n<\/div>\n\n\n\n<h2 class=\"wp-block-heading has-text-align-center has-x-large-font-size\"><strong>Beneficios tangibles<\/strong><\/h2>\n\n\n\n<div class=\"wp-block-columns is-layout-flex wp-container-core-columns-is-layout-28f84493 wp-block-columns-is-layout-flex\">\n<div class=\"wp-block-column is-layout-flow wp-block-column-is-layout-flow\">\n<div class=\"wp-block-cover has-white-color has-text-color has-link-color wp-elements-5bfb095ae4ebbbbb065723dc90049c30\"><span aria-hidden=\"true\" class=\"wp-block-cover__background has-background-dim\"><\/span><img loading=\"lazy\" decoding=\"async\" width=\"1024\" height=\"1024\" class=\"wp-block-cover__image-background wp-image-588\" alt=\"\" src=\"https:\/\/pedropimentelnaturopata.com\/wp-content\/uploads\/2024\/11\/Hombre-mayor-con-la-laptop-1.webp\" data-object-fit=\"cover\" srcset=\"https:\/\/pedropimentelnaturopata.com\/wp-content\/uploads\/2024\/11\/Hombre-mayor-con-la-laptop-1.webp 1024w, https:\/\/pedropimentelnaturopata.com\/wp-content\/uploads\/2024\/11\/Hombre-mayor-con-la-laptop-1-300x300.webp 300w, https:\/\/pedropimentelnaturopata.com\/wp-content\/uploads\/2024\/11\/Hombre-mayor-con-la-laptop-1-150x150.webp 150w\" sizes=\"auto, (max-width: 1024px) 100vw, 1024px\" \/><div class=\"wp-block-cover__inner-container is-layout-flow wp-block-cover-is-layout-flow\">\n<ol class=\"wp-block-list\">\n<li class=\"has-large-font-size\">Mejora en la funci\u00f3n cognitiva.<\/li>\n\n\n\n<li class=\"has-large-font-size\">Potencia tu memoria y claridad mental.<\/li>\n\n\n\n<li class=\"has-large-font-size\">Reducci\u00f3n de s\u00edntomas motores.<\/li>\n\n\n\n<li class=\"has-large-font-size\">Experimenta una mayor movilidad y control.<\/li>\n<\/ol>\n<\/div><\/div>\n<\/div>\n\n\n\n<div class=\"wp-block-column is-layout-flow wp-block-column-is-layout-flow\">\n<div class=\"wp-block-cover has-white-color has-text-color has-link-color wp-elements-61a1438a66964ba74a9e1969a2cd8264\"><span aria-hidden=\"true\" class=\"wp-block-cover__background has-background-dim\"><\/span><img loading=\"lazy\" decoding=\"async\" width=\"1024\" height=\"1024\" class=\"wp-block-cover__image-background wp-image-589\" alt=\"\" src=\"https:\/\/pedropimentelnaturopata.com\/wp-content\/uploads\/2024\/11\/mujer-mayor-corriendo.webp\" data-object-fit=\"cover\" srcset=\"https:\/\/pedropimentelnaturopata.com\/wp-content\/uploads\/2024\/11\/mujer-mayor-corriendo.webp 1024w, https:\/\/pedropimentelnaturopata.com\/wp-content\/uploads\/2024\/11\/mujer-mayor-corriendo-300x300.webp 300w, https:\/\/pedropimentelnaturopata.com\/wp-content\/uploads\/2024\/11\/mujer-mayor-corriendo-150x150.webp 150w\" sizes=\"auto, (max-width: 1024px) 100vw, 1024px\" \/><div class=\"wp-block-cover__inner-container is-layout-flow wp-block-cover-is-layout-flow\">\n<ul class=\"wp-block-list\">\n<li class=\"has-large-font-size\">Aumento de la energ\u00eda.<\/li>\n\n\n\n<li class=\"has-large-font-size\">siente la vitalidad que mereces.<\/li>\n\n\n\n<li class=\"has-large-font-size\">Aumento de sue\u00f1o mejorado.<\/li>\n\n\n\n<li class=\"has-large-font-size\">Logra un pleno descanso cada noche.<\/li>\n<\/ul>\n<\/div><\/div>\n\n\n\n<div class=\"wp-block-buttons is-content-justification-center is-layout-flex wp-container-core-buttons-is-layout-a89b3969 wp-block-buttons-is-layout-flex\">\n<div class=\"wp-block-button\"><a class=\"wp-block-button__link wp-element-button\" href=\"https:\/\/pay.hotmart.com\/K96481483Y\">Comienza Hoy<\/a><\/div>\n<\/div>\n<\/div>\n<\/div>\n\n\n\n<div class=\"wp-block-columns is-layout-flex wp-container-core-columns-is-layout-28f84493 wp-block-columns-is-layout-flex\">\n<div class=\"wp-block-column is-layout-flow wp-block-column-is-layout-flow\">\n<h2 class=\"wp-block-heading has-large-font-size\">\u00bfQUE ENCONTRARAS EN ESTA GUIA?<\/h2>\n\n\n\n<ul class=\"wp-block-list\">\n<li class=\"has-medium-font-size\">Introducci\u00f3n a la dieta cetog\u00e9nica.<\/li>\n\n\n\n<li class=\"has-medium-font-size\">Comprende c\u00f3mo funciona y su impacto en el cerebro.<\/li>\n\n\n\n<li class=\"has-medium-font-size\">Plan de comidas de 4 semanas<\/li>\n\n\n\n<li class=\"has-medium-font-size\">Estructurado y f\u00e1cil de seguir, con listas de compras incluidas.<\/li>\n\n\n\n<li class=\"has-medium-font-size\">M\u00e1s de 50 recetas deliciosas<\/li>\n\n\n\n<li class=\"has-medium-font-size\">Desde sopas reconfortantes hasta platos principales sabrosos.<\/li>\n\n\n\n<li class=\"has-medium-font-size\">Consejos pr\u00e1cticos<\/li>\n\n\n\n<li class=\"has-medium-font-size\">Estrategias para superar obst\u00e1culos comunes al iniciar la dieta.<\/li>\n\n\n\n<li class=\"has-medium-font-size\">Gu\u00eda para maximizar resultados<\/li>\n\n\n\n<li class=\"has-medium-font-size\">C\u00f3mo adaptar la dieta a tus necesidades individuales<\/li>\n<\/ul>\n<\/div>\n\n\n\n<div class=\"wp-block-column is-layout-flow wp-block-column-is-layout-flow\">\n<figure class=\"wp-block-image size-full\"><img loading=\"lazy\" decoding=\"async\" width=\"543\" height=\"325\" src=\"https:\/\/pedropimentelnaturopata.com\/wp-content\/uploads\/2024\/11\/neuronut.webp\" alt=\"\" class=\"wp-image-592\" srcset=\"https:\/\/pedropimentelnaturopata.com\/wp-content\/uploads\/2024\/11\/neuronut.webp 543w, https:\/\/pedropimentelnaturopata.com\/wp-content\/uploads\/2024\/11\/neuronut-300x180.webp 300w\" sizes=\"auto, (max-width: 543px) 100vw, 543px\" \/><\/figure>\n<\/div>\n<\/div>\n\n\n\n<p>&#8216;<\/p>\n\n\n\n<div class=\"wp-block-buttons is-content-justification-center is-layout-flex wp-container-core-buttons-is-layout-a89b3969 wp-block-buttons-is-layout-flex\">\n<div class=\"wp-block-button\"><a class=\"wp-block-button__link wp-element-button\" href=\"https:\/\/pay.hotmart.com\/K96481483Y\">Descarga tu gu\u00eda y frena al Parkinson <\/a><\/div>\n<\/div>\n\n\n\n<div class=\"wp-block-columns is-layout-flex wp-container-core-columns-is-layout-28f84493 wp-block-columns-is-layout-flex\">\n<div class=\"wp-block-column is-layout-flow wp-block-column-is-layout-flow\">\n<div class=\"wp-block-group alignwide has-global-padding is-layout-constrained wp-block-group-is-layout-constrained\">\n<h2 class=\"wp-block-heading has-text-align-center\">No estas solo en este camino.<\/h2>\n\n\n\n<p>Miles de personas han encontrado alivio y mejor\u00eda en su calidad de vida a trav\u00e9s de cambios diet\u00e9ticos significativos. Con KetoBrain, t\u00fa tambi\u00e9n puedes ser parte de esta transformaci\u00f3n<\/p>\n<\/div>\n<\/div>\n\n\n\n<div class=\"wp-block-column is-layout-flow wp-block-column-is-layout-flow\">\n<div class=\"wp-block-cover\"><span aria-hidden=\"true\" class=\"wp-block-cover__background has-background-dim\"><\/span><img loading=\"lazy\" decoding=\"async\" width=\"1024\" height=\"1024\" class=\"wp-block-cover__image-background wp-image-593\" alt=\"\" src=\"https:\/\/pedropimentelnaturopata.com\/wp-content\/uploads\/2024\/11\/personas-mayores-riendo.webp\" data-object-fit=\"cover\" srcset=\"https:\/\/pedropimentelnaturopata.com\/wp-content\/uploads\/2024\/11\/personas-mayores-riendo.webp 1024w, https:\/\/pedropimentelnaturopata.com\/wp-content\/uploads\/2024\/11\/personas-mayores-riendo-300x300.webp 300w, https:\/\/pedropimentelnaturopata.com\/wp-content\/uploads\/2024\/11\/personas-mayores-riendo-150x150.webp 150w\" sizes=\"auto, (max-width: 1024px) 100vw, 1024px\" \/><div class=\"wp-block-cover__inner-container is-layout-flow wp-block-cover-is-layout-flow\">\n<p class=\"has-text-align-center has-white-color has-text-color has-link-color has-medium-font-size wp-elements-cdec5f1b2d0484faa369b68b60416cf4\">\u201cEs dif\u00edcil cambiar nuestra forma de alimentarnos por una nueva y desconocida, eso es muy dif\u00edcil, pero no tanto como tener que soportar el resto de nuestra vida los s\u00edntomas que genera la enfermedad de Parkinson.\u201d<\/p>\n<\/div><\/div>\n<\/div>\n<\/div>\n\n\n\n<div class=\"wp-block-buttons is-content-justification-center is-layout-flex wp-container-core-buttons-is-layout-a89b3969 wp-block-buttons-is-layout-flex\">\n<div class=\"wp-block-button\"><a class=\"wp-block-button__link wp-element-button\" href=\"https:\/\/pay.hotmart.com\/K96481483Y\">\u00danete hoy a nosotros<\/a><\/div>\n<\/div>\n\n\n\n<div class=\"wp-block-columns is-layout-flex wp-container-core-columns-is-layout-28f84493 wp-block-columns-is-layout-flex\">\n<div class=\"wp-block-column is-layout-flow wp-block-column-is-layout-flow\">\n<figure class=\"wp-block-image size-full\"><img loading=\"lazy\" decoding=\"async\" width=\"703\" height=\"994\" src=\"https:\/\/pedropimentelnaturopata.com\/wp-content\/uploads\/2024\/11\/image-3.png\" alt=\"\" class=\"wp-image-594\" srcset=\"https:\/\/pedropimentelnaturopata.com\/wp-content\/uploads\/2024\/11\/image-3.png 703w, https:\/\/pedropimentelnaturopata.com\/wp-content\/uploads\/2024\/11\/image-3-212x300.png 212w\" sizes=\"auto, (max-width: 703px) 100vw, 703px\" \/><\/figure>\n<\/div>\n\n\n\n<div class=\"wp-block-column is-vertically-aligned-center is-layout-flow wp-block-column-is-layout-flow\">\n<h2 class=\"wp-block-heading\">Oferta especial por tiempo limitado<\/h2>\n\n\n\n<p>\u00a1Act\u00faa ahora!<\/p>\n\n\n\n<p>Descarga \u00abKetoBrain: La Gu\u00eda Definitiva de Alimentaci\u00f3n Contra el Parkinson\u00bb por solo <strong>$24.99<\/strong><strong> <\/strong>(precio regular $49.99).<\/p>\n\n\n\n<p>Bono exclusivo<\/p>\n\n\n\n<p>Durante el mes de noviembre y diciembre estaremos brindando una CONSULTA DE INSTALACION DEL PLAN DE ALIMENTACION TOTALMENTE !GRATIS!. <\/p>\n<\/div>\n<\/div>\n\n\n\n<div class=\"wp-block-buttons is-content-justification-center is-layout-flex wp-container-core-buttons-is-layout-a89b3969 wp-block-buttons-is-layout-flex\">\n<div class=\"wp-block-button\"><a class=\"wp-block-button__link wp-element-button\" href=\"https:\/\/pay.hotmart.com\/K96481483Y\">DESCARGALA Y SEPARA TU CONSULTA <\/a><\/div>\n<\/div>\n\n\n\n<div class=\"wp-block-columns is-layout-flex wp-container-core-columns-is-layout-28f84493 wp-block-columns-is-layout-flex\">\n<div class=\"wp-block-column is-layout-flow wp-block-column-is-layout-flow\">\n<figure class=\"wp-block-image size-full\"><img loading=\"lazy\" decoding=\"async\" width=\"703\" height=\"994\" src=\"https:\/\/pedropimentelnaturopata.com\/wp-content\/uploads\/2024\/11\/image-4.png\" alt=\"\" class=\"wp-image-595\" srcset=\"https:\/\/pedropimentelnaturopata.com\/wp-content\/uploads\/2024\/11\/image-4.png 703w, https:\/\/pedropimentelnaturopata.com\/wp-content\/uploads\/2024\/11\/image-4-212x300.png 212w\" sizes=\"auto, (max-width: 703px) 100vw, 703px\" \/><\/figure>\n<\/div>\n\n\n\n<div class=\"wp-block-column is-layout-flow wp-block-column-is-layout-flow\">\n<div class=\"wp-block-group alignwide has-global-padding is-layout-constrained wp-block-group-is-layout-constrained\">\n<h2 class=\"wp-block-heading has-text-align-center has-large-font-size\">Garant\u00eda de Satisfacci\u00f3n Total.<\/h2>\n\n\n\n<p class=\"has-medium-font-size\">Prueba KetoBrain sin riesgo. Si no est\u00e1s completamente satisfecho en los primeros 7 d\u00edas, te devolveremos tu dinero sin preguntas.<\/p>\n<\/div>\n<\/div>\n<\/div>\n\n\n\n<div class=\"wp-block-buttons is-content-justification-center is-layout-flex wp-container-core-buttons-is-layout-a89b3969 wp-block-buttons-is-layout-flex\">\n<div class=\"wp-block-button\"><a class=\"wp-block-button__link wp-element-button\" href=\"https:\/\/pay.hotmart.com\/K96481483Y\">Pru\u00e9balo hoy Mismo<\/a><\/div>\n<\/div>\n\n\n\n<div class=\"wp-block-columns is-layout-flex wp-container-core-columns-is-layout-28f84493 wp-block-columns-is-layout-flex\">\n<div class=\"wp-block-column is-layout-flow wp-block-column-is-layout-flow\">\n<p><\/p>\n\n\n\n<h2 class=\"wp-block-heading has-large-font-size\">!No Esperes Mas!<\/h2>\n\n\n\n<p>Toma el control de tu salud cerebral hoy mismo. <\/p>\n\n\n\n<p>Haz clic en el bot\u00f3n a continuaci\u00f3n y comienza tu viaje hacia una vida m\u00e1s saludable con KetoBrain.<\/p>\n<\/div>\n\n\n\n<div class=\"wp-block-column is-layout-flow wp-block-column-is-layout-flow\">\n<figure class=\"wp-block-image size-large\"><img loading=\"lazy\" decoding=\"async\" width=\"1024\" height=\"577\" src=\"https:\/\/pedropimentelnaturopata.com\/wp-content\/uploads\/2024\/11\/image-2-1024x577.png\" alt=\"\" class=\"wp-image-586\" srcset=\"https:\/\/pedropimentelnaturopata.com\/wp-content\/uploads\/2024\/11\/image-2-1024x577.png 1024w, https:\/\/pedropimentelnaturopata.com\/wp-content\/uploads\/2024\/11\/image-2-300x169.png 300w, https:\/\/pedropimentelnaturopata.com\/wp-content\/uploads\/2024\/11\/image-2.png 1875w\" sizes=\"auto, (max-width: 1024px) 100vw, 1024px\" \/><\/figure>\n<\/div>\n<\/div>\n\n\n\n<div class=\"wp-block-buttons is-content-justification-center is-layout-flex wp-container-core-buttons-is-layout-a89b3969 wp-block-buttons-is-layout-flex\">\n<div class=\"wp-block-button\"><a class=\"wp-block-button__link wp-element-button\" href=\"https:\/\/pay.hotmart.com\/K96481483Y\">NO PIERDAS MAS TIEMPO, TOMA ACCION HOY MISMO<\/a><\/div>\n<\/div>\n\n\n\n<p><\/p>\n","protected":false},"excerpt":{"rendered":"<p>La Gu\u00eda Definitiva de Alimentaci\u00f3n Contra el Parkinson Transforma tu vida con la alimentaci\u00f3n cetog\u00e9nica dise\u00f1ada para la salud cerebral \u00bfPor qu\u00e9 KetoBrain es tu mejor aliado? Un enfoque basado en evidencia cient\u00edfica KetoBrain no es solo otra dieta. Est\u00e1 respaldada por investigaciones innovadoras que demuestran c\u00f3mo la alimentaci\u00f3n puede influir en la progresi\u00f3n del &hellip; <\/p>\n<p class=\"link-more\"><a href=\"https:\/\/pedropimentelnaturopata.com\/index.php\/ketobrain\/\" class=\"more-link\">Leer m\u00e1s<span class=\"screen-reader-text\"> \u00abKetoBrain\u00bb<\/span><\/a><\/p>\n","protected":false},"author":1,"featured_media":0,"parent":0,"menu_order":0,"comment_status":"closed","ping_status":"closed","template":"","meta":{"_kadence_starter_templates_imported_post":false,"footnotes":""},"class_list":["post-583","page","type-page","status-publish","hentry"],"_hostinger_reach_plugin_has_subscription_block":false,"_hostinger_reach_plugin_is_elementor":false,"jetpack_sharing_enabled":true,"_links":{"self":[{"href":"https:\/\/pedropimentelnaturopata.com\/index.php\/wp-json\/wp\/v2\/pages\/583","targetHints":{"allow":["GET"]}}],"collection":[{"href":"https:\/\/pedropimentelnaturopata.com\/index.php\/wp-json\/wp\/v2\/pages"}],"about":[{"href":"https:\/\/pedropimentelnaturopata.com\/index.php\/wp-json\/wp\/v2\/types\/page"}],"author":[{"embeddable":true,"href":"https:\/\/pedropimentelnaturopata.com\/index.php\/wp-json\/wp\/v2\/users\/1"}],"replies":[{"embeddable":true,"href":"https:\/\/pedropimentelnaturopata.com\/index.php\/wp-json\/wp\/v2\/comments?post=583"}],"version-history":[{"count":3,"href":"https:\/\/pedropimentelnaturopata.com\/index.php\/wp-json\/wp\/v2\/pages\/583\/revisions"}],"predecessor-version":[{"id":600,"href":"https:\/\/pedropimentelnaturopata.com\/index.php\/wp-json\/wp\/v2\/pages\/583\/revisions\/600"}],"wp:attachment":[{"href":"https:\/\/pedropimentelnaturopata.com\/index.php\/wp-json\/wp\/v2\/media?parent=583"}],"curies":[{"name":"wp","href":"https:\/\/api.w.org\/{rel}","templated":true}]}}